= s - 3*j. Suppose 3*i + s*d = 453, -5*d - 296 - 34 = -2*i. What are the prime factors of i?
5, 31
Let q be (1 + (0/2 - 0))*-1. Let v be (-9241)/(-13) - (-8)/(-52)*q. Suppose 0 = -0*k - 9*k + v. List the prime factors of k.
79
Suppose -2617*h - 344498 = -2639*h. List the prime factors of h.
7, 2237
Let c = 447 + 3643. What are the prime factors of c?
2, 5, 409
Let t(v) = v - 7 - 1 - 5 + 7. Let g be t(2). What are the prime factors of 3 - 592/(g/1)?
151
Let a(m) = m**3 - 4*m**2 - m - 10. Let w be a(5). Let q be (44/(-55))/((-2)/w). List the prime factors of 160/q - (-2 + 5).
37
Let h be 420/(-45) - (-2)/6. What are the prime factors of (-466)/6*(6 + h)?
233
Suppose -3*o + 2 = 11. Let c be (-1)/o + 3/(-9) + 3. Suppose -c*h + 55 = 2*a - 17, -116 = -5*h - 2*a. What are the prime factors of h?
2, 11
Let b be 3/(12/(-20))*-2 - 2. Suppose -b*p + p + 35 = 0. Suppose -p*t + 36 = -3*d, 4*t - 22 = -t - 4*d. List the prime factors of t.
2, 3
Let z(w) = 85*w - 4. Let j be z(6). Let t = -282 + -35. Let i = t + j. List the prime factors of i.
3, 7
Suppose 5*z + 738 + 22 = 0. Let y be (z/3)/((-20)/30). Let n = 165 + y. What are the prime factors of n?
241
Let l = -27 - -29. Let o(t) be the second derivative of 56*t**3/3 + 2*t**2 + 71*t. List the prime factors of o(l).
2, 3, 19
Suppose 4*y - 48892 = -2*l, 2*y - 13*l + 17*l = 24434. What are the prime factors of y?
3, 5, 163
Let w be (-15)/(-35) - (-200)/56. Suppose w*j = 181 + 327. What are the prime factors of j?
127
Suppose 0 = -5*v + 2*m + 398 - 70, 3*v = -3*m + 180. Suppose 2*z + u + v = 0, -89 = 2*z + z + 5*u. List the prime factors of 1558/22 + -1 + (-6)/z.
2, 5, 7
Let h be (-21788)/(-8) + (-2)/(-4). Suppose 404 = -5*g + h. What are the prime factors of g?
2, 29
Suppose 7*a + 991 = -1249. Let g = a - -744. What are the prime factors of g?
2, 53
Let m = 197 + -191. List the prime factors of 802*((-22)/4 + m).
401
Suppose -841*f + 906*f - 613795 = 0. What are the prime factors of f?
7, 19, 71
Let n = 2678 - 1662. Suppose 1786 = 2*r - n. What are the prime factors of r?
3, 467
Suppose -5*j = -9 - 86. Let n = j - -69. Let k = -11 + n. List the prime factors of k.
7, 11
Suppose -3*w + 2*h + 26 = 0, -5*w = 2*h + 3*h - 85. Suppose -4*p + 1591 = -n, 4*n - w - 1982 = -5*p. What are the prime factors of p?
2, 199
Suppose 4*w = -5*y + 1897, 2*w - y = 909 + 36. Let o = -306 + w. What are the prime factors of o?
167
Suppose 3*n = -n + 2*u, 0 = -u + 4. Suppose -5*v + 3925 = 5*s, 0 = -n*s + v + 2*v + 1595. List the prime factors of s.
2, 5, 79
Let k be (-34100)/(-70) + (-1)/7. Let d = -251 + k. Let b = -150 + d. List the prime factors of b.
2, 43
List the prime factors of ((-270)/(-216))/((-3)/(-24)) + 41340.
2, 5, 827
Let q = -1077 + 496. Let b = -398 - q. List the prime factors of (-2)/(-2)*((-4 - 0) + b).
179
Suppose 4*n + 1080 = 2*t, 0 = -4*t - 2*n - 3*n + 2134. Let d = -68 - -441. Let j = t - d. What are the prime factors of j?
163
Let g(h) = 2*h**2 + 5 - 1 - 4*h - 11 + 6. Let k be g(3). What are the prime factors of 1815/12 + ((-15)/12)/k?
151
Let v be (-92 - -34)/(6/5031). What are the prime factors of (-9)/21 - v/91?
2, 3, 89
Let c(o) = 13*o**2 + 39*o - 505. List the prime factors of c(24).
7919
Let q = -5588 - -1740. Let h = -2020 - q. What are the prime factors of h?
2, 457
Let t be ((-567)/(-15))/(21/700*2). List the prime factors of (-37 + t)*(-2)/(-2).
593
Suppose 165*c - 166*c = -4*b - 65398, -261669 = -4*c + 5*b. List the prime factors of c.
2, 32713
Let g be ((-8)/30)/((-4)/(-6))*-30. Suppose -5*z - g = -4*d, 5*z - 2 = -d + 1. What are the prime factors of 0*1/d - -103?
103
What are the prime factors of (8911/35 + 7)/(15*(-6)/(-2100))?
2, 7, 109
Suppose -5*b + 18450 = 5*f, 856 = 5*f + 866. List the prime factors of b.
2, 13, 71
Suppose 4*u + 4*g = -16, -15 = 3*u + 4*g - 5. What are the prime factors of (-808)/u + (-1)/(-3)?
3, 5
Suppose 3392 - 86 = 19*n. Suppose 0*r - 279 = -3*r - 3*z, -4*r + z + 392 = 0. Let y = n - r. What are the prime factors of y?
7, 11
List the prime factors of (3/(-21)*-18)/(11*15/402710).
2, 3, 523
What are the prime factors of (2663 - -13)*44*10/32?
3, 5, 11, 223
Suppose -2*v = -3*k + 7 + 4, 3*v - 26 = -4*k. Suppose -4*h = -3*z - 1524, 3*h - 388 = v*h - z. List the prime factors of h.
2, 3
Let x = -980 + 186. Let h = x - -1626. List the prime factors of h.
2, 13
Let p = -11803 + 24189. What are the prime factors of p?
2, 11, 563
Let l(w) be the second derivative of 3*w**4/4 + w**3/2 - 8*w**2 - 2*w - 14. What are the prime factors of l(8)?
2, 73
Let l(q) = -6*q + 31. Suppose -10 - 14 = 4*z. Let m be l(z). Suppose -m*d + 62*d = -60. What are the prime factors of d?
2, 3
Let r(c) = -4653*c + 9. Let o be r(-3). Suppose -133*u + 145*u - o = 0. What are the prime factors of u?
2, 3, 97
Suppose -3*z + 16861 = 5*x - 16537, 13357 = 2*x - z. What are the prime factors of x?
6679
Let y(z) = z**2 - 2*z + 1. Suppose i - 7 + 6 = 0. Let l be y(i). Suppose 670 = 5*j - l*j. What are the prime factors of j?
2, 67
Let b(i) = i**2 + 22*i + 105. Let m be b(-15). Suppose -17*s + 15810 = -m*s. List the prime factors of s.
2, 3, 5, 31
Suppose 3*a = -c + 68479, 0 = 2*a + 9*c - 42576 - 3085. List the prime factors of a.
2, 101, 113
Let s(n) = -18*n - 9 + 6 - n**2 - 6. Let l = 2726 - 2740. What are the prime factors of s(l)?
47
Let x be (6314/(-6) - 1)/(1/3). Let d be (4/5)/(16/x). What are the prime factors of (1 - 30/18) + d/(-3)?
2, 13
What are the prime factors of 12/10*(-1360280)/(-186) - -6?
2, 4391
What are the prime factors of (2369 - (-2 - (-9 + 7)))*1?
23, 103
Suppose -35 = -3*i - 26. Suppose -i*b + 5*g = -0*b + 1, 5*b - 11 = 2*g. What are the prime factors of (236/(-6))/((-1)/b)?
2, 59
Let g = -165 + 169. Suppose 5*n + 4*c = 1472, -2*n + 567 = g*c - 17. List the prime factors of n.
2, 37
Let i = 169 - 117. Let c be i*132/(-20)*(-15)/12. Let d = -277 + c. List the prime factors of d.
2, 19
Suppose -11*w = -5*w - 1068. Let x = -176 + w. List the prime factors of x.
2
Suppose -4*f + 108 = 420. Let n = f - -83. Suppose 5*g - 4*b + n*b - 806 = 0, -5*g - 3*b = -798. List the prime factors of g.
2, 3
Suppose -1428*x = 1416*x - 2828*x - 315344. What are the prime factors of x?
19709
Let s = 138 + -139. Let j be (0 + -2 - s)*(-8)/4. Suppose -2*h + 204 = -2*a + 8, 0 = 5*h - j*a - 487. List the prime factors of h.
97
Suppose 18*f - 28*f = -30. Suppose -f*c - 1182 = -3*v, 0 = -5*c + c - 16. List the prime factors of v.
2, 3, 5, 13
Suppose 117*r - 2102283 = -205*r - 5*r. What are the prime factors of r?
3, 2143
Suppose 17*b + 225 = 8*b. Let r = b - -250. What are the prime factors of r?
3, 5
Suppose 11*r - 7*r - 35824 = 0. What are the prime factors of r?
2, 2239
Let m = -18557 - -24785. What are the prime factors of m?
2, 3, 173
Let s = 55 - 46. Suppose -s*u - 284 = -11*u. List the prime factors of u.
2, 71
Suppose 3*w + 72 - 8 = a, 2*w - 2*a + 44 = 0. List the prime factors of (362/(-3))/(0 - (-2)/w).
7, 181
Suppose -5*s - 51662 + 9062 = -5*o, 5*s - 17005 = -2*o. What are the prime factors of o?
5, 13, 131
Suppose 24 = 2*l - 8*l. Let h be (l/(12/(-9))*-7)/1. What are the prime factors of (-9 + 4)*-3*h/(-5)?
3, 7
Let t be -5 - (-4 + -12 - -5). Suppose -4*v - 8 = n, -t*v + v - 5*n = 25. What are the prime factors of (344/(1 + -5))/v?
2, 43
Suppose 0 = -5*p - 5*j + 15770, -3124 = -44*p + 43*p + 5*j. What are the prime factors of p?
47, 67
Let f be 1/(-2 + (-35)/(-15)). Suppose 4*t - 30 = -w + 47, 242 = f*w + t. What are the prime factors of w?
3
Suppose 0 = -5*s - 3*a + a - 1472, 4*a = 3*s + 878. Let x be s/(-3) - (0 - (4 + 0)). Suppose 0 = 4*m - x - 106. What are the prime factors of m?
2, 13
Let r(u) = -81*u - 12. Let z be 5/(-20)*-4 + -3 + -2. What are the prime factors of r(z)?
2, 3, 13
Suppose -3*l - 366 = -1599. Suppose 5*w - 351 = -0*f + 2*f, 129 = 2*w + 3*f. Suppose 6*h + w - l = 0. What are the prime factors of h?
3, 19
Suppose 0 = 4*z - 23*w + 24*w - 5, -2*w - 4 = z. Suppose -z*b - 6896 = -18*b. List the prime factors of b.
431
Suppose 15*v - 3270 = 1260. List the prime factors of (v - (2 - -1))*(-6)/(-3).
2, 13, 23
Suppose 5*m - 5 = -12*s + 14*s, 5*m + 10 = 5*s. Suppose 0 = -4*p - m*z + 175 - 24, -3*p + z = -110. List the prime factors of p.
37
Suppose 3*u - 6773 = 20644. List the prime fact